divided by 173?
112
What is the remainder when 934 is divided by 85?
84
What is the remainder when 1549 is divided by 31?
30
Calculate the remainder when 65 is divided by 12.
5
What is the remainder when 440 is divided by 68?
32
What is the remainder when 159 is divided by 74?
11
Calculate the remainder when 2417 is divided by 20.
17
Calculate the remainder when 27957 is divided by 24.
21
Calculate the remainder when 142 is divided by 75.
67
Calculate the remainder when 43 is divided by 10.
3
What is the remainder when 95 is divided by 42?
11
What is the remainder when 2536 is divided by 27?
25
What is the remainder when 539 is divided by 260?
19
Calculate the remainder when 1402 is divided by 205.
172
Calculate the remainder when 917 is divided by 40.
37
What is the remainder when 96 is divided by 14?
12
Calculate the remainder when 12238 is divided by 12.
10
What is the remainder when 1127 is divided by 94?
93
Calculate the remainder when 7139 is divided by 14.
13
What is the remainder when 235 is divided by 61?
52
What is the remainder when 197 is divided by 70?
57
What is the remainder when 896 is divided by 129?
122
Calculate the remainder when 252 is divided by 17.
14
What is the remainder when 1878 is divided by 621?
15
Calculate the remainder when 439 is divided by 7.
5
What is the remainder when 1155 is divided by 89?
87
What is the remainder when 8485 is divided by 62?
53
Calculate the remainder when 181 is divided by 46.
43
What is the remainder when 138 is divided by 7?
5
Calculate the remainder when 197 is divided by 69.
59
What is the remainder when 734 is divided by 16?
14
Calculate the remainder when 187 is divided by 40.
27
Calculate the remainder when 1004 is divided by 331.
11
Calculate the remainder when 74 is divided by 20.
14
Calculate the remainder when 366 is divided by 267.
99
What is the remainder when 418 is divided by 77?
33
Calculate the remainder when 47 is divided by 2.
1
What is the remainder when 756 is divided by 15?
6
Calculate the remainder when 92 is divided by 83.
9
What is the remainder when 127 is divided by 17?
8
Calculate the remainder when 204 is divided by 100.
4
Calculate the remainder when 532 is divided by 90.
82
What is the remainder when 25 is divided by 13?
12
What is the remainder when 814 is divided by 44?
22
Calculate the remainder when 194 is divided by 14.
12
Calculate the remainder when 389 is divided by 8.
5
What is the remainder when 8172 is divided by 73?
69
What is the remainder when 1944 is divided by 248?
208
Calculate the remainder when 969 is divided by 10.
9
What is the remainder when 645 is divided by 133?
113
What is the remainder when 728 is divided by 61?
57
What is the remainder when 1235 is divided by 59?
55
What is the remainder when 2137 is divided by 5?
2
Calculate the remainder when 319 is divided by 16.
15
Calculate the remainder when 379 is divided by 10.
9
What is the remainder when 841 is divided by 281?
279
Calculate the remainder when 195 is divided by 57.
24
Calculate the remainder when 474 is divided by 206.
62
Calculate the remainder when 248 is divided by 246.
2
Calculate the remainder when 5431 is divided by 1084.
11
Calculate the remainder when 108 is divided by 32.
12
Calculate the remainder when 266 is divided by 8.
2
What is the remainder when 280 is divided by 5?
0
What is the remainder when 84 is divided by 43?
41
Calculate the remainder when 206 is divided by 40.
6
What is the remainder when 80674 is divided by 83?
81
What is the remainder when 473 is divided by 68?
65
What is the remainder when 8347 is divided by 3?
1
What is the remainder when 232 is divided by 39?
37
Calculate the remainder when 40 is divided by 1.
0
Calculate the remainder when 23046 is divided by 9.
6
Calculate the remainder when 614 is divided by 196.
26
What is the remainder when 178 is divided by 12?
10
What is the remainder when 348 is divided by 17?
8
Calculate the remainder when 501 is divided by 43.
28
Calculate the remainder when 872 is divided by 331.
210
Calculate the remainder when 6809 is divided by 324.
5
Calculate the remainder when 941 is divided by 83.
28
Calculate the remainder when 141 is divided by 24.
21
What is the remainder when 565 is divided by 11?
4
Calculate the remainder when 313 is divided by 309.
4
Calculate the remainder when 1651 is divided by 118.
117
Calculate the remainder when 5751 is divided by 198.
9
Calculate the remainder when 778 is divided by 48.
10
Calculate the remainder when 593 is divided by 17.
15
Calculate the remainder when 626 is divided by 79.
73
What is the remainder when 662 is divided by 89?
39
What is the remainder when 7226 is divided by 13?
11
What is the remainder when 2684 is divided by 135?
119
What is the remainder when 4384 is divided by 2191?
2
What is the remainder when 60 is divided by 31?
29
Calculate the remainder when 239 is divided by 12.
11
Calculate the remainder when 272 is divided by 91.
90
Calculate the remainder when 278 is divided by 61.
34
What is the remainder when 74 is divided by 25?
24
What is the remainder when 277 is divided by 61?
33
What is the remainder when 42 is divided by 42?
0
Calculate the remainder when 30 is divided by 11.
8
Calculate the remainder when 159 is divided by 42.
33
Calculate the remainder when 20682 is divided by 5.
2
Calculate the remainder when 85 is divided by 28.
1
Calculate the remainder when 244 is divided by 5.
4
What is the remainder when 2739 is divided by 67?
59
Calculate the remainder when 5093 is divided by 24.
5
What is the remainder when 107 is divided by 8?
3
What is the remainder when 206 is divided by 55?
41
What is the remainder when 119 is divided by 40?
39
What is the remainder when 249 is divided by 60?
9
Calculate the remainder when 34 is divided by 11.
1
What is the remainder when 1893 is divided by 15?
3
What is the remainder when 18530 is divided by 261?
260
What is the remainder when 3302 is divided by 58?
54
Calculate the remainder when 533 is divided by 45.
38
What is the remainder when 143 is divided by 36?
35
What is the remainder when 663 is divided by 32?
23
Calculate the remainder when 267 is divided by 37.
8
What is the remainder when 332 is divided by 76?
28
Calculate the remainder when 170 is divided by 53.
11
Calculate the remainder when 187 is divided by 27.
25
What is the remainder when 127 is divided by 13?
10
Calculate the remainder when 31 is divided by 6.
1
What is the remainder when 944 is divided by 15?
14
Calculate the remainder when 9 is divided by 2.
1
What is the remainder when 95 is divided by 24?
23
What is the remainder when 297 is divided by 4?
1
Calculate the remainder when 7958 is divided by 24.
14
Calculate the remainder when 379 is divided by 96.
91
What is the remainder when 637 is divided by 92?
85
What is the remainder when 2655 is divided by 19?
14
What is the remainder when 305 is divided by 78?
71
Calculate the remainder when 186 is divided by 57.
15
Calculate the remainder when 210 is divided by 68.
6
Calculate the remainder when 292 is divided by 38.
26
Calculate the remainder when 49 is divided by 17.
15
Calculate the remainder when 2591 is divided by 1294.
3
Calculate the remainder when 229 is divided by 11.
9
Calculate the remainder when 658 is divided by 55.
53
What is the remainder when 87 is divided by 26?
9
What is the remainder when 36 is divided by 32?
4
What is the remainder when 852 is divided by 78?
72
What is the remainder when 7536 is divided by 5?
1
Calculate the remainder when 1110 is divided by 160.
150
What is the remainder when 315 is divided by 23?
16
What is the remainder when 331 is divided by 93?
52
What is the remainder when 769 is divided by 276?
217
Calculate the remainder when 17511 is divided by 8.
7
Calculate the remainder when 76 is divided by 22.
10
What is the remainder when 409 is divided by 30?
19
Calculate the remainder when 149 is divided by 88.
61
What is the remainder when 390 is divided by 53?
19
What is the remainder when 3309 is divided by 151?
138
What is the remainder when 22 is divided by 12?
10
What is the remainder when 285 is divided by 69?
9
What is the remainder when 301 is divided by 16?
13
What is the remainder when 253 is divided by 40?
13
Calculate the rema